{"id":149,"date":"2025-02-14T16:16:21","date_gmt":"2025-02-14T16:16:21","guid":{"rendered":"https:\/\/knutssonsskafferi.se\/?page_id=149"},"modified":"2025-02-16T17:39:46","modified_gmt":"2025-02-16T17:39:46","slug":"elementor-149","status":"publish","type":"page","link":"https:\/\/knutssonsskafferi.se\/index.php\/elementor-149\/","title":{"rendered":""},"content":{"rendered":"\t\t<div data-elementor-type=\"wp-page\" data-elementor-id=\"149\" class=\"elementor elementor-149\">\n\t\t\t\t<div class=\"elementor-element elementor-element-80ceec5 e-flex e-con-boxed e-con e-parent\" data-id=\"80ceec5\" data-element_type=\"container\" data-e-type=\"container\">\n\t\t\t\t\t<div class=\"e-con-inner\">\n\t\t\t\t<div class=\"elementor-element elementor-element-5f25808 elementor-widget__width-initial elementor-widget elementor-widget-heading\" data-id=\"5f25808\" data-element_type=\"widget\" data-e-type=\"widget\" data-widget_type=\"heading.default\">\n\t\t\t\t<div class=\"elementor-widget-container\">\n\t\t\t\t\t<h2 class=\"elementor-heading-title elementor-size-default\">Hitta hit<\/h2>\t\t\t\t<\/div>\n\t\t\t\t<\/div>\n\t\t<div class=\"elementor-element elementor-element-9a8d495 e-con-full e-flex e-con e-child\" data-id=\"9a8d495\" data-element_type=\"container\" data-e-type=\"container\">\n\t\t\t\t<\/div>\n\t\t<div class=\"elementor-element elementor-element-8cae735 e-con-full e-flex e-con e-child\" data-id=\"8cae735\" data-element_type=\"container\" data-e-type=\"container\">\n\t\t\t\t<\/div>\n\t\t<div class=\"elementor-element elementor-element-c60a5f9 e-con-full e-flex e-con e-child\" data-id=\"c60a5f9\" data-element_type=\"container\" data-e-type=\"container\">\n\t\t\t\t<\/div>\n\t\t\t\t<div class=\"elementor-element elementor-element-a222dbc elementor-widget elementor-widget-spacer\" data-id=\"a222dbc\" data-element_type=\"widget\" data-e-type=\"widget\" data-widget_type=\"spacer.default\">\n\t\t\t\t<div class=\"elementor-widget-container\">\n\t\t\t\t\t\t\t<div class=\"elementor-spacer\">\n\t\t\t<div class=\"elementor-spacer-inner\"><\/div>\n\t\t<\/div>\n\t\t\t\t\t\t<\/div>\n\t\t\t\t<\/div>\n\t\t\t\t\t<\/div>\n\t\t\t\t<\/div>\n\t\t<div class=\"elementor-element elementor-element-14cb287 e-flex e-con-boxed e-con e-parent\" data-id=\"14cb287\" data-element_type=\"container\" data-e-type=\"container\">\n\t\t\t\t\t<div class=\"e-con-inner\">\n\t\t\t\t<div class=\"elementor-element elementor-element-567a0a8 elementor-widget elementor-widget-text-editor\" data-id=\"567a0a8\" data-element_type=\"widget\" data-e-type=\"widget\" data-widget_type=\"text-editor.default\">\n\t\t\t\t<div class=\"elementor-widget-container\">\n\t\t\t\t\t\t\t\t\t<p>F\u00f6r att hitta till oss kommer ni att beh\u00f6va ta en buss eller sp\u00e5rvagnstur ut till Saltholmen, d\u00e4r en av styrs\u00f6bolagets b\u00e5tar tar dig ut till v\u00e5r fina \u00f6!<\/p>\t\t\t\t\t\t\t\t<\/div>\n\t\t\t\t<\/div>\n\t\t<div class=\"elementor-element elementor-element-54cf9fd e-con-full e-flex e-con e-child\" data-id=\"54cf9fd\" data-element_type=\"container\" data-e-type=\"container\">\n\t\t\t\t<\/div>\n\t\t<div class=\"elementor-element elementor-element-844085d e-con-full e-flex e-con e-child\" data-id=\"844085d\" data-element_type=\"container\" data-e-type=\"container\">\n\t\t\t\t<div class=\"elementor-element elementor-element-4dfa131 elementor-view-default elementor-widget elementor-widget-icon\" data-id=\"4dfa131\" data-element_type=\"widget\" data-e-type=\"widget\" data-widget_type=\"icon.default\">\n\t\t\t\t<div class=\"elementor-widget-container\">\n\t\t\t\t\t\t\t<div class=\"elementor-icon-wrapper\">\n\t\t\t<div class=\"elementor-icon\">\n\t\t\t<svg aria-hidden=\"true\" class=\"e-font-icon-svg e-fas-ship\" viewBox=\"0 0 640 512\" xmlns=\"http:\/\/www.w3.org\/2000\/svg\"><path d=\"M496.616 372.639l70.012-70.012c16.899-16.9 9.942-45.771-12.836-53.092L512 236.102V96c0-17.673-14.327-32-32-32h-64V24c0-13.255-10.745-24-24-24H248c-13.255 0-24 10.745-24 24v40h-64c-17.673 0-32 14.327-32 32v140.102l-41.792 13.433c-22.753 7.313-29.754 36.173-12.836 53.092l70.012 70.012C125.828 416.287 85.587 448 24 448c-13.255 0-24 10.745-24 24v16c0 13.255 10.745 24 24 24 61.023 0 107.499-20.61 143.258-59.396C181.677 487.432 216.021 512 256 512h128c39.979 0 74.323-24.568 88.742-59.396C508.495 491.384 554.968 512 616 512c13.255 0 24-10.745 24-24v-16c0-13.255-10.745-24-24-24-60.817 0-101.542-31.001-119.384-75.361zM192 128h256v87.531l-118.208-37.995a31.995 31.995 0 0 0-19.584 0L192 215.531V128z\"><\/path><\/svg>\t\t\t<\/div>\n\t\t<\/div>\n\t\t\t\t\t\t<\/div>\n\t\t\t\t<\/div>\n\t\t\t\t<\/div>\n\t\t\t\t\t<\/div>\n\t\t\t\t<\/div>\n\t\t<div class=\"elementor-element elementor-element-6b5f72f e-flex e-con-boxed e-con e-parent\" data-id=\"6b5f72f\" data-element_type=\"container\" data-e-type=\"container\">\n\t\t\t\t\t<div class=\"e-con-inner\">\n\t\t\t\t<div class=\"elementor-element elementor-element-da27c97 elementor-widget elementor-widget-text-editor\" data-id=\"da27c97\" data-element_type=\"widget\" data-e-type=\"widget\" data-widget_type=\"text-editor.default\">\n\t\t\t\t<div class=\"elementor-widget-container\">\n\t\t\t\t\t\t\t\t\t<p>F\u00f6lj l\u00e4nkarna f\u00f6r att planera din resa!<\/p>\t\t\t\t\t\t\t\t<\/div>\n\t\t\t\t<\/div>\n\t\t\t\t\t<\/div>\n\t\t\t\t<\/div>\n\t\t<div class=\"elementor-element elementor-element-5caee86 e-con-full e-flex e-con e-parent\" data-id=\"5caee86\" data-element_type=\"container\" data-e-type=\"container\">\n\t\t\t\t<div class=\"elementor-element elementor-element-58754ec elementor-button-info elementor-widget elementor-widget-button\" data-id=\"58754ec\" data-element_type=\"widget\" data-e-type=\"widget\" data-widget_type=\"button.default\">\n\t\t\t\t<div class=\"elementor-widget-container\">\n\t\t\t\t\t\t\t\t\t<div class=\"elementor-button-wrapper\">\n\t\t\t\t\t<a class=\"elementor-button elementor-button-link elementor-size-sm\" href=\"https:\/\/www.vasttrafik.se\">\n\t\t\t\t\t\t<span class=\"elementor-button-content-wrapper\">\n\t\t\t\t\t\t\t\t\t<span class=\"elementor-button-text\">V\u00e4stttrafik.se<\/span>\n\t\t\t\t\t<\/span>\n\t\t\t\t\t<\/a>\n\t\t\t\t<\/div>\n\t\t\t\t\t\t\t\t<\/div>\n\t\t\t\t<\/div>\n\t\t\t\t<\/div>\n\t\t<div class=\"elementor-element elementor-element-05f7143 e-con-full e-flex e-con e-parent\" data-id=\"05f7143\" data-element_type=\"container\" data-e-type=\"container\">\n\t\t\t\t<div class=\"elementor-element elementor-element-57c592a elementor-widget elementor-widget-button\" data-id=\"57c592a\" data-element_type=\"widget\" data-e-type=\"widget\" data-widget_type=\"button.default\">\n\t\t\t\t<div class=\"elementor-widget-container\">\n\t\t\t\t\t\t\t\t\t<div class=\"elementor-button-wrapper\">\n\t\t\t\t\t<a class=\"elementor-button elementor-button-link elementor-size-sm\" href=\"https:\/\/styrsobolaget.se\">\n\t\t\t\t\t\t<span class=\"elementor-button-content-wrapper\">\n\t\t\t\t\t\t\t\t\t<span class=\"elementor-button-text\">Styrs\u00f6bolaget<\/span>\n\t\t\t\t\t<\/span>\n\t\t\t\t\t<\/a>\n\t\t\t\t<\/div>\n\t\t\t\t\t\t\t\t<\/div>\n\t\t\t\t<\/div>\n\t\t<div class=\"elementor-element elementor-element-af5d5e6 e-con-full e-flex e-con e-child\" data-id=\"af5d5e6\" data-element_type=\"container\" data-e-type=\"container\">\n\t\t<div class=\"elementor-element elementor-element-4fa6a57 e-con-full e-flex e-con e-child\" data-id=\"4fa6a57\" data-element_type=\"container\" data-e-type=\"container\">\n\t\t\t\t<\/div>\n\t\t\t\t<\/div>\n\t\t\t\t<\/div>\n\t\t<div class=\"elementor-element elementor-element-5997e48 e-flex e-con-boxed e-con e-parent\" data-id=\"5997e48\" data-element_type=\"container\" data-e-type=\"container\">\n\t\t\t\t\t<div class=\"e-con-inner\">\n\t\t\t\t<div class=\"elementor-element elementor-element-d9ee4d4 elementor-widget elementor-widget-spacer\" data-id=\"d9ee4d4\" data-element_type=\"widget\" data-e-type=\"widget\" data-widget_type=\"spacer.default\">\n\t\t\t\t<div class=\"elementor-widget-container\">\n\t\t\t\t\t\t\t<div class=\"elementor-spacer\">\n\t\t\t<div class=\"elementor-spacer-inner\"><\/div>\n\t\t<\/div>\n\t\t\t\t\t\t<\/div>\n\t\t\t\t<\/div>\n\t\t\t\t\t<\/div>\n\t\t\t\t<\/div>\n\t\t<div class=\"elementor-element elementor-element-06379cf e-flex e-con-boxed e-con e-parent\" data-id=\"06379cf\" data-element_type=\"container\" data-e-type=\"container\">\n\t\t\t\t\t<div class=\"e-con-inner\">\n\t\t\t\t<div class=\"elementor-element elementor-element-186fc9e elementor-widget elementor-widget-heading\" data-id=\"186fc9e\" data-element_type=\"widget\" data-e-type=\"widget\" data-widget_type=\"heading.default\">\n\t\t\t\t<div class=\"elementor-widget-container\">\n\t\t\t\t\t<h2 class=\"elementor-heading-title elementor-size-default\">Vi jobbar just nu p\u00e5 hemsidan, mer info kommer snart!<\/h2>\t\t\t\t<\/div>\n\t\t\t\t<\/div>\n\t\t\t\t\t<\/div>\n\t\t\t\t<\/div>\n\t\t<div class=\"elementor-element elementor-element-99b370f e-flex e-con-boxed e-con e-parent\" data-id=\"99b370f\" data-element_type=\"container\" data-e-type=\"container\">\n\t\t\t\t\t<div class=\"e-con-inner\">\n\t\t\t\t\t<\/div>\n\t\t\t\t<\/div>\n\t\t\t\t<\/div>\n\t\t","protected":false},"excerpt":{"rendered":"<p>Hitta hit F\u00f6r att hitta till oss kommer ni att beh\u00f6va ta en buss eller sp\u00e5rvagnstur ut till Saltholmen, d\u00e4r en av styrs\u00f6bolagets b\u00e5tar tar dig ut till v\u00e5r fina \u00f6! F\u00f6lj l\u00e4nkarna f\u00f6r att planera din resa! V\u00e4stttrafik.se Styrs\u00f6bolaget Vi jobbar just nu p\u00e5 hemsidan, mer info kommer snart!<\/p>\n","protected":false},"author":1,"featured_media":0,"parent":0,"menu_order":0,"comment_status":"closed","ping_status":"closed","template":"","meta":{"footnotes":""},"class_list":["post-149","page","type-page","status-publish","hentry"],"yoast_head":"<!-- This site is optimized with the Yoast SEO plugin v27.5 - https:\/\/yoast.com\/product\/yoast-seo-wordpress\/ -->\n<title>- Knutssons Skafferi<\/title>\n<meta name=\"robots\" content=\"index, follow, max-snippet:-1, max-image-preview:large, max-video-preview:-1\" \/>\n<link rel=\"canonical\" href=\"https:\/\/knutssonsskafferi.se\/index.php\/elementor-149\/\" \/>\n<meta property=\"og:locale\" content=\"en_US\" \/>\n<meta property=\"og:type\" content=\"article\" \/>\n<meta property=\"og:title\" content=\"- Knutssons Skafferi\" \/>\n<meta property=\"og:description\" content=\"Hitta hit F\u00f6r att hitta till oss kommer ni att beh\u00f6va ta en buss eller sp\u00e5rvagnstur ut till Saltholmen, d\u00e4r en av styrs\u00f6bolagets b\u00e5tar tar dig ut till v\u00e5r fina \u00f6! F\u00f6lj l\u00e4nkarna f\u00f6r att planera din resa! V\u00e4stttrafik.se Styrs\u00f6bolaget Vi jobbar just nu p\u00e5 hemsidan, mer info kommer snart!\" \/>\n<meta property=\"og:url\" content=\"https:\/\/knutssonsskafferi.se\/index.php\/elementor-149\/\" \/>\n<meta property=\"og:site_name\" content=\"Knutssons Skafferi\" \/>\n<meta property=\"article:modified_time\" content=\"2025-02-16T17:39:46+00:00\" \/>\n<meta name=\"twitter:card\" content=\"summary_large_image\" \/>\n<meta name=\"twitter:label1\" content=\"Est. reading time\" \/>\n\t<meta name=\"twitter:data1\" content=\"1 minute\" \/>\n<script type=\"application\/ld+json\" class=\"yoast-schema-graph\">{\"@context\":\"https:\\\/\\\/schema.org\",\"@graph\":[{\"@type\":\"WebPage\",\"@id\":\"https:\\\/\\\/knutssonsskafferi.se\\\/index.php\\\/elementor-149\\\/\",\"url\":\"https:\\\/\\\/knutssonsskafferi.se\\\/index.php\\\/elementor-149\\\/\",\"name\":\"- Knutssons Skafferi\",\"isPartOf\":{\"@id\":\"https:\\\/\\\/knutssonsskafferi.se\\\/#website\"},\"datePublished\":\"2025-02-14T16:16:21+00:00\",\"dateModified\":\"2025-02-16T17:39:46+00:00\",\"inLanguage\":\"en-US\",\"potentialAction\":[{\"@type\":\"ReadAction\",\"target\":[\"https:\\\/\\\/knutssonsskafferi.se\\\/index.php\\\/elementor-149\\\/\"]}]},{\"@type\":\"WebSite\",\"@id\":\"https:\\\/\\\/knutssonsskafferi.se\\\/#website\",\"url\":\"https:\\\/\\\/knutssonsskafferi.se\\\/\",\"name\":\"Knutssons Skafferi\",\"description\":\"Fr\u00e5n sk\u00e4rg\u00e5rdstransporter till en trevlig fikastund\",\"potentialAction\":[{\"@type\":\"SearchAction\",\"target\":{\"@type\":\"EntryPoint\",\"urlTemplate\":\"https:\\\/\\\/knutssonsskafferi.se\\\/?s={search_term_string}\"},\"query-input\":{\"@type\":\"PropertyValueSpecification\",\"valueRequired\":true,\"valueName\":\"search_term_string\"}}],\"inLanguage\":\"en-US\"}]}<\/script>\n<!-- \/ Yoast SEO plugin. -->","yoast_head_json":{"title":"- Knutssons Skafferi","robots":{"index":"index","follow":"follow","max-snippet":"max-snippet:-1","max-image-preview":"max-image-preview:large","max-video-preview":"max-video-preview:-1"},"canonical":"https:\/\/knutssonsskafferi.se\/index.php\/elementor-149\/","og_locale":"en_US","og_type":"article","og_title":"- Knutssons Skafferi","og_description":"Hitta hit F\u00f6r att hitta till oss kommer ni att beh\u00f6va ta en buss eller sp\u00e5rvagnstur ut till Saltholmen, d\u00e4r en av styrs\u00f6bolagets b\u00e5tar tar dig ut till v\u00e5r fina \u00f6! F\u00f6lj l\u00e4nkarna f\u00f6r att planera din resa! V\u00e4stttrafik.se Styrs\u00f6bolaget Vi jobbar just nu p\u00e5 hemsidan, mer info kommer snart!","og_url":"https:\/\/knutssonsskafferi.se\/index.php\/elementor-149\/","og_site_name":"Knutssons Skafferi","article_modified_time":"2025-02-16T17:39:46+00:00","twitter_card":"summary_large_image","twitter_misc":{"Est. reading time":"1 minute"},"schema":{"@context":"https:\/\/schema.org","@graph":[{"@type":"WebPage","@id":"https:\/\/knutssonsskafferi.se\/index.php\/elementor-149\/","url":"https:\/\/knutssonsskafferi.se\/index.php\/elementor-149\/","name":"- Knutssons Skafferi","isPartOf":{"@id":"https:\/\/knutssonsskafferi.se\/#website"},"datePublished":"2025-02-14T16:16:21+00:00","dateModified":"2025-02-16T17:39:46+00:00","inLanguage":"en-US","potentialAction":[{"@type":"ReadAction","target":["https:\/\/knutssonsskafferi.se\/index.php\/elementor-149\/"]}]},{"@type":"WebSite","@id":"https:\/\/knutssonsskafferi.se\/#website","url":"https:\/\/knutssonsskafferi.se\/","name":"Knutssons Skafferi","description":"Fr\u00e5n sk\u00e4rg\u00e5rdstransporter till en trevlig fikastund","potentialAction":[{"@type":"SearchAction","target":{"@type":"EntryPoint","urlTemplate":"https:\/\/knutssonsskafferi.se\/?s={search_term_string}"},"query-input":{"@type":"PropertyValueSpecification","valueRequired":true,"valueName":"search_term_string"}}],"inLanguage":"en-US"}]}},"_links":{"self":[{"href":"https:\/\/knutssonsskafferi.se\/index.php\/wp-json\/wp\/v2\/pages\/149","targetHints":{"allow":["GET"]}}],"collection":[{"href":"https:\/\/knutssonsskafferi.se\/index.php\/wp-json\/wp\/v2\/pages"}],"about":[{"href":"https:\/\/knutssonsskafferi.se\/index.php\/wp-json\/wp\/v2\/types\/page"}],"author":[{"embeddable":true,"href":"https:\/\/knutssonsskafferi.se\/index.php\/wp-json\/wp\/v2\/users\/1"}],"replies":[{"embeddable":true,"href":"https:\/\/knutssonsskafferi.se\/index.php\/wp-json\/wp\/v2\/comments?post=149"}],"version-history":[{"count":11,"href":"https:\/\/knutssonsskafferi.se\/index.php\/wp-json\/wp\/v2\/pages\/149\/revisions"}],"predecessor-version":[{"id":249,"href":"https:\/\/knutssonsskafferi.se\/index.php\/wp-json\/wp\/v2\/pages\/149\/revisions\/249"}],"wp:attachment":[{"href":"https:\/\/knutssonsskafferi.se\/index.php\/wp-json\/wp\/v2\/media?parent=149"}],"curies":[{"name":"wp","href":"https:\/\/api.w.org\/{rel}","templated":true}]}}